culate the greatest common factor of 34 and g.
17
Let k(g) = g**2 - 169*g - 866. Let f be k(-5). Suppose -2*a = -7*a + 460. Calculate the greatest common divisor of a and f.
4
Let d = -18 + -18. Let z = d - -52. Let o(j) = j**2 + 12*j - 2736. Let k be o(-60). What is the greatest common divisor of k and z?
16
Let c be (-10)/(-50) - (0 - 552/15). What is the greatest common factor of c and 2294?
37
Suppose 5888 = 49*q - 3422. Calculate the highest common divisor of 18145 and q.
95
Let y be 20/(-8)*3*2. Let j be (y/9)/(5/(-15)). Let x be ((36/40)/(-3))/(12/(-120)). What is the highest common factor of x and j?
1
Suppose -26 = -3*p + 4*k, 7 = -p - k + 4. Suppose -3*i + 0*i = -312. Let b be (-16)/i - (-56)/26. What is the highest common divisor of p and b?
2
Let f = 329 + -325. Suppose 20*l - f*l - 288 = 0. What is the greatest common divisor of l and 30?
6
Suppose -149 = -2*s - 5. Suppose 371 = 5*i + 211. Suppose -i = 69*a - 73*a. Calculate the highest common factor of s and a.
8
Suppose -5*g = 2*z - 216, -g - 5*z + 54 = -z. Suppose -g*s + 30 = -40*s. What is the greatest common divisor of 405 and s?
15
Let j(g) = -213*g - 27*g**2 + 20 + 259*g + 7*g**2 - g**3 + 25. Let a be j(-22). What is the highest common divisor of 18 and a?
1
Suppose -65*q + 204 = -641. What is the greatest common divisor of 23543 and q?
13
Suppose 0 = 5*i + 834 - 3414. Suppose -3386*b - 372 = -3417*b. What is the highest common factor of i and b?
12
Let g be 2/((-6)/21 - (-24)/35). Let s = -137 + 144. Calculate the greatest common factor of g and s.
1
Suppose 49 = b + 3*y, -2992 + 2887 = -4*b + y. What is the greatest common factor of 8 and b?
4
Let c be 740/6 + 0 - (-8)/12. Let p(m) = 7*m**2 - 18*m + 93. Let l be p(7). Calculate the greatest common divisor of l and c.
62
Let f = 185 - 122. Let b(o) = -23 - 4*o + 0 - 2*o. Let a be b(-5). Calculate the greatest common factor of a and f.
7
Suppose 6*l - 11*l - 105 = 0. Let m be (-510)/l + (-8)/28. Suppose -v + m = -17. What is the greatest common factor of v and 41?
41
Let q(h) = h**3 + 136*h**2 + 1642*h - 30. Let v be q(-14). Calculate the highest common factor of v and 24.
6
Let h = 5 + 23. Let t(c) = -19*c - 24. Let x(g) = -78*g - 96. Let o(r) = -9*t(r) + 2*x(r). Let y be o(4). What is the highest common factor of h and y?
28
Suppose -1242*l = -1247*l + 390. Suppose l*z - 71*z - 1309 = 0. What is the highest common divisor of 88 and z?
11
Suppose k - 29*k - 4256 = 0. Let i = k + 220. What is the highest common divisor of 34 and i?
34
Suppose 0*u = -4*u - 428. Let k = u - -344. Suppose k = 5*r - 3*v, 5*r - 20 = -4*v + 224. What is the greatest common factor of r and 6?
6
Let q(x) = -32 - 48 + 2*x + 138. Let f be q(26). What is the greatest common divisor of 22 and f?
22
Let n be (-66)/(-14) - (-2)/7. Suppose g + 602 = 6*g - j, 4*g + n*j - 470 = 0. Let p = 139716 - 139686. What is the highest common factor of p and g?
30
Let r(n) = n**3 + 52*n**2 + 114*n + 87. Let l be r(-49). Calculate the greatest common factor of 24 and l.
24
Let v(l) = 19*l**2 + 8*l - 24. Let j be v(4). Suppose j + 28 = 10*o. What is the highest common factor of o and 34?
34
Let y be (62 + -59)/(1/(-59)). Let j = y + 217. What is the highest common divisor of j and 220?
20
Let f(r) = 3*r**3 - 6*r**2 + 6*r + 8. Let h be f(4). Suppose 0 = -3*k + h + 232. What is the highest common divisor of 15 and k?
15
Let v = 901 + 575. Calculate the highest common divisor of 41 and v.
41
Suppose 0 = 2*m - 264 + 40. Let c = -650 + -187. Let a = c + 851. Calculate the greatest common divisor of m and a.
14
Suppose 0 = -5*u - 1713*k + 1718*k + 1945, -k + 1571 = 4*u. Calculate the greatest common divisor of u and 98.
98
Let t = 286 - 566. Let u = t + 305. Calculate the greatest common divisor of 10 and u.
5
Let l be (86 - 4/((-16)/(-12))) + -2. Suppose 8*r - 4*r + 49 = h, -h - 4*r + l = 0. Calculate the highest common divisor of h and 5.
5
Suppose -2*o + o = -36. Suppose 13*h = 22*h - o. Suppose 0 = -h*a + 3*c + 45, -2*a = 2*c - c - 15. What is the highest common factor of a and 81?
9
Suppose 7*l - 2*h + 672 = 11*l, -3*h + 328 = 2*l. What is the highest common divisor of l and 136?
34
Let q(v) = v**3 - 20*v**2 - 94*v - 225. Let k be q(25). What is the greatest common divisor of k and 100?
50
Let t(z) be the second derivative of 0 + 5/6*z**3 + 1/20*z**5 - 12*z - 3/2*z**2 + 1/2*z**4. Let x be t(-3). What is the greatest common divisor of 1 and x?
1
Let m(l) = l**3 - 18*l**2 - 2*l + 34. Let p be m(18). Let r be 6/36*113 - p/12. What is the highest common factor of 323 and r?
19
Suppose 0 = -12*h + 47*h - 157115. Calculate the highest common divisor of 201 and h.
67
Let g = -646 - -1065. Suppose -n + 2537 = 5*b + g, 2*n = 2*b - 840. What is the highest common divisor of 9 and b?
9
Suppose -676*b = -691*b + 2080 - 445. Calculate the highest common divisor of b and 3161.
109
Let h(l) = 152*l + 1600. Let a be h(-10). Let u(w) = 100*w. Let b be u(1). What is the highest common factor of b and a?
20
Let a(x) = -2*x**3 + 3. Let i be a(-3). Let d(p) = -5*p**2 - 525*p + 606. Let f be d(-106). Calculate the highest common divisor of i and f.
19
Let f = 166 + -175. Let b be -1 + ((-3)/(-2))/(f/(-582)). Calculate the greatest common factor of b and 12.
12
Suppose -3*a + 12 = 2*f, 2*a + f - 4 = 3. Suppose 5*v - 8 - a = 0. Suppose 0 = 4*z - 4*k - 48, -z = 4*k - v. What is the highest common divisor of z and 110?
10
Let l(u) = 54*u - 643. Let w be l(18). Calculate the greatest common divisor of 2726 and w.
47
Let c = -28 + 32. Let k be c/(-18) - 3786/(-27). Let z = -18 - -38. Calculate the highest common divisor of k and z.
20
Let a = -42 + 48. Suppose a*n = -132 - 6. Let j = 3 - n. What is the greatest common divisor of j and 130?
26
Suppose -5*m - 2*j = -473, -958*j + 30 = -963*j. What is the highest common divisor of m and 1261?
97
Let r be -4 - 5/((-15)/237). Let y = r + -59. What is the greatest common divisor of 64 and y?
16
Let l(r) = 2*r**2 + 3*r - 1. Let f(v) = -10*v**2 - 16*v + 4. Let j(k) = 2*f(k) + 11*l(k). Let m be j(5). Calculate the greatest common divisor of m and 117.
13
Suppose 1963 - 11088 - 3947 = -38*g. What is the greatest common divisor of 2666 and g?
86
Let v be (-819423)/(-42) - (-9)/(-126). Calculate the greatest common factor of 10 and v.
10
Let q = -76 - 5. Let f = 45 - q. What is the greatest common factor of f and 14?
14
Let s = 32269 - 32031. What is the highest common divisor of s and 5712?
238
Suppose -7*s + 7862 = 3914. Calculate the greatest common divisor of s and 470.
94
Suppose 1382*b - 1379*b = 708. What is the greatest common factor of 295 and b?
59
Suppose -8*n + 212 + 732 = 0. Suppose -3*b + 8*b = 265. Let j = n - b. What is the highest common factor of j and 5?
5
Let k = 1 + -8. Let h be (2/(-4))/(1 + k/6). Suppose -2*t - 20 = -5*r + 9, 0 = -4*r - 2*t + 16. What is the highest common factor of r and h?
1
Let b be 1201 + -19 + 43 + -10. Let d(m) = m**2 + m + 3. Let f be d(3). What is the highest common factor of f and b?
15
Let p be 6*(3/6 + (-22)/(-12)). Let r(h) = -h**2 + 32*h - 4. Let i be r(p). What is the greatest common factor of 31 and i?
31
Let z = -1754 + 3293. Calculate the highest common factor of 399 and z.
57
Suppose 0 = -2*v + 2*p + 32250, -9*v - 16133 = -10*v + 3*p. What is the greatest common factor of 47 and v?
47
Suppose 3*z = 4*d - 31 - 1, 0 = 4*d + 5*z. Let l(x) = 5*x**2 + 3*x - 5. Let n be l(d). Calculate the greatest common factor of 81 and n.
27
Let f = 25048 - 15855. Calculate the highest common factor of f and 29.
29
Let c = -504 + 86. Let q = -406 - c. What is the greatest common factor of q and 12?
12
Suppose 4*r = 25*r + 42*r - 233100. What is the highest common factor of 100 and r?
100
Let l(c) = c**3 - 4*c**2 + 2*c - 2. Let x be l(5). Let s be (-120)/32 + 3 - (-254)/8. Let u be 2*31 - (27 - s). What is the greatest common factor of x and u?
33
Let o be 24/5*(134/4 - 1). Let y be ((1 - -11) + 0)/(28/42). Calculate the greatest common factor of o and y.
6
Let r be 6051/6 - 4/8. Calculate the greatest common factor of 126 and r.
126
Let t(d) = -d**3 - 3*d**2 + d + 12. Let h = -33 - -33. Let u be 1/(-3) + h + (-11)/3. Let m be t(u). Calculate the highest common divisor of m and 108.
12
Suppose -13*p = 6*p - 19190. Supp